?
7399
Calculate the greatest common factor of 2970 and 423900.
270
What is the highest common divisor of 6 and 214566?
6
Calculate the greatest common divisor of 150111 and 8892.
117
Calculate the greatest common factor of 324 and 401236.
4
What is the highest common factor of 1559968 and 4832?
32
Calculate the greatest common divisor of 1048461 and 2329.
137
Calculate the greatest common factor of 1404 and 382564.
52
What is the highest common factor of 2475 and 39853?
11
What is the greatest common factor of 4778480 and 26680?
920
What is the highest common factor of 43788 and 1099128?
492
What is the highest common divisor of 1446500 and 172700?
1100
Calculate the highest common factor of 12192 and 168792.
24
Calculate the greatest common factor of 12084866 and 2368.
74
Calculate the greatest common factor of 68383296 and 6624.
288
Calculate the greatest common divisor of 5891019 and 30189.
1041
What is the highest common divisor of 639840 and 643710?
1290
Calculate the greatest common divisor of 95242770 and 40.
10
What is the greatest common factor of 120312587 and 17?
17
Calculate the highest common factor of 220 and 18955060.
20
What is the highest common divisor of 61 and 34611827?
61
What is the greatest common factor of 38486 and 4333?
7
Calculate the highest common divisor of 2951 and 2658397.
227
Calculate the greatest common factor of 67512071 and 1573.
121
Calculate the highest common factor of 9999 and 11889922.
1111
What is the highest common factor of 97882 and 1042040?
218
What is the greatest common factor of 3115 and 11994530?
445
Calculate the greatest common factor of 50 and 8975102.
2
What is the greatest common factor of 6336 and 101808256?
704
What is the highest common divisor of 49408 and 11141632?
256
What is the greatest common factor of 31609025 and 1400?
175
What is the highest common factor of 351 and 1590246?
27
Calculate the greatest common divisor of 312 and 442286.
26
What is the greatest common divisor of 3988022 and 3395272?
4742
What is the highest common factor of 438412834 and 118?
118
What is the highest common divisor of 1405441 and 14382?
799
What is the greatest common divisor of 3645 and 516645?
135
Calculate the greatest common factor of 27020 and 2802167.
193
Calculate the highest common factor of 3076473 and 39429.
1011
Calculate the greatest common divisor of 13362 and 13680330.
786
What is the highest common factor of 39104 and 2052349?
611
Calculate the highest common factor of 1 and 5298127.
1
What is the highest common divisor of 55366 and 1305110?
38
Calculate the greatest common factor of 344 and 3666438.
86
What is the greatest common divisor of 82 and 132784?
2
Calculate the greatest common divisor of 440324 and 492529.
53
Calculate the highest common divisor of 190605 and 420495.
1455
Calculate the greatest common divisor of 1301334 and 14189.
2027
Calculate the highest common divisor of 195374591 and 17.
17
Calculate the highest common factor of 484 and 11593978.
242
What is the greatest common factor of 4300 and 508400?
100
What is the greatest common divisor of 1292221 and 9520?
119
Calculate the greatest common factor of 96 and 253544736.
96
What is the highest common factor of 1001 and 2897869?
13
What is the greatest common divisor of 175162 and 3770?
26
Calculate the greatest common factor of 213616188 and 108.
36
What is the greatest common divisor of 564432 and 1280662?
2138
What is the highest common factor of 1141548 and 527602?
502
What is the greatest common factor of 13264 and 5629739?
829
Calculate the greatest common divisor of 8460996 and 225575.
1289
What is the highest common factor of 365026215 and 681?
681
Calculate the greatest common divisor of 9962 and 60872801.
4981
Calculate the greatest common factor of 473 and 54706793.
43
Calculate the greatest common factor of 742 and 13757793.
371
Calculate the greatest common factor of 659736 and 2760.
24
Calculate the highest common factor of 13876 and 2532.
4
Calculate the greatest common factor of 5936 and 2638923.
371
What is the highest common factor of 609 and 4947951?
87
Calculate the greatest common divisor of 72 and 211611438.
18
What is the greatest common divisor of 25368 and 90776?
56
Calculate the greatest common factor of 17065687 and 4419.
491
What is the highest common factor of 69 and 27758217?
69
Calculate the highest common factor of 658193 and 6697.
37
Calculate the greatest common divisor of 7789254 and 2178.
726
Calculate the greatest common factor of 247609692 and 22.
22
What is the greatest common divisor of 549621 and 264750?
1059
Calculate the greatest common factor of 472 and 971224.
8
Calculate the highest common divisor of 255 and 657600.
15
Calculate the greatest common divisor of 592979 and 4526.
73
What is the highest common divisor of 64442760 and 96?
24
What is the highest common factor of 61160 and 109532?
556
Calculate the greatest common factor of 1759094 and 14602.
298
What is the highest common factor of 3696 and 7028?
28
Calculate the greatest common factor of 2511855 and 2835.
45
Calculate the greatest common divisor of 9637454 and 123888.
5162
Calculate the greatest common divisor of 30 and 71961000.
30
Calculate the highest common factor of 1112 and 11907157.
139
Calculate the highest common factor of 1787180 and 48250.
1930
What is the greatest common factor of 358501 and 2018549?
299
Calculate the highest common divisor of 12838587 and 102.
51
Calculate the highest common factor of 1595 and 5110380.
1595
Calculate the greatest common divisor of 17696032 and 2059.
29
Calculate the greatest common divisor of 7355906 and 92.
46
What is the highest common divisor of 88920 and 287565?
285
What is the highest common divisor of 214490873 and 203?
29
What is the greatest common divisor of 4951035 and 405?
45
Calculate the greatest common divisor of 352287 and 4212.
117
Calculate the greatest common divisor of 34 and 265906.
2
What is the highest common factor of 1747207 and 161?
7
What is the greatest common divisor of 10470 and 96488030?
3490
What is the greatest common factor of 56300 and 4950?
50
What is the greatest common divisor of 45001 and 12705?
11
What is the highest common divisor of 146204553 and 33?
33
Calculate the highest common divisor of 792 and 55520.
8
Calculate the greatest common divisor of 23944475 and 100.
25
What is the greatest common factor of 107 and 333726473?
107
Calculate the greatest common divisor of 73555 and 7687280.
1565
What is the greatest common factor of 2350620 and 16911?
9
Calculate the highest common factor of 40 and 19328376.
8
What is the highest common factor of 21 and 2190713?
7
Calculate the greatest common factor of 8118 and 1151649.
369
Calculate the greatest common divisor of 679 and 1563349.
97
What is the greatest common factor of 24 and 5172438?
6
Calculate the greatest common factor of 682918841 and 11.
11
Calculate the highest common factor of 1341342 and 3870.
774
Calculate the greatest common divisor of 3850 and 18917360.
770
What is the highest common factor of 166446 and 2918034?
126
Calculate the highest common divisor of 55858 and 256545638.
5078
What is the highest common divisor of 295 and 7560673?
59
Calculate the greatest common divisor of 13197 and 83145499.
4399
What is the greatest common factor of 246053 and 10083177?
1249
What is the greatest common factor of 4655 and 122059?
49
What is the greatest common divisor of 254 and 241017298?
254
What is the highest common factor of 19833 and 16467?
33
Calculate the greatest common divisor of 1037853 and 17739.
243
Calculate the greatest common factor of 6880770 and 94770.
1170
Calculate the highest common divisor of 8670784 and 96.
32
Calculate the highest common divisor of 11840 and 3448960.
320
What is the greatest common divisor of 24755 and 365?
5
Calculate the highest common factor of 930 and 344598015.
465
Calculate the greatest common divisor of 3344 and 17102052.
836
What is the highest common divisor of 2047 and 520561?
89
Calculate the greatest common factor of 350 and 11422850.
50
What is the greatest common divisor of 4578 and 16086111?
327
Calculate the greatest common factor of 3295884 and 953787.
1803
What is the greatest common divisor of 315055 and 